et h be v(18). Let q(s) be the third derivative of 0 + 0*s - 1/60*s**6 - 1/6*s**3 - 1/60*s**5 - 1/12*s**4 - 2*s**h. What is q(-1)?
2
Let c(p) = -p**3 - 8*p**2 + 9*p. Let d(o) = -o**2 + o + 1. Let i(y) = -c(y) + 2*d(y). Let j = 25 + -32. What is i(j)?
2
Let c be (-12)/(-21)*(-14)/(-4). Suppose -3*f + 2*f = -d, 3*d = -2*f + 15. Let v(t) = 5*t**2 - 7*t**2 - 1 - f*t + 4. What is v(c)?
-11
Let t(r) = -r**3 - 20*r**2 - 91*r. Let i be t(-13). Let q(a) be the third derivative of i*a + 1/3*a**3 - 4*a**2 + 0 - 1/12*a**4. Calculate q(3).
-4
Let n(i) = -i**3 + i**2 - i - 2. Let s(w) = w**2 + 6*w. Suppose -18 = -5*v + 8*v. Let b be s(v). What is n(b)?
-2
Let x(q) be the first derivative of -6 - 1/3*q**3 - 5/2*q**2 - q. Let p(n) = -n**3 + 12*n**2 - 9*n - 26. Let h be p(11). What is x(h)?
3
Let k(h) = -2*h**2 - 4*h. Let r(f) = -4*f**2 - 7*f + 2. Let g(c) = 5*k(c) - 2*r(c). Give g(-2).
0
Let a be 2*(-1 - (-1 - -1)). Let g(n) be the second derivative of -n**4/6 - 2*n**3/3 - 3*n**2/2 - 181*n. Calculate g(a).
-3
Suppose -21*m + 90*m = 0. Let t(c) be the third derivative of 1/2*c**3 + m*c + 0 + 5*c**2 - 1/8*c**4. Calculate t(-3).
12
Let y be ((-200)/280)/((-2)/14). Let l(v) = -6 + 5*v - v + 0*v. What is l(y)?
14
Suppose 0 = 2*z - z + 1. Let y(v) = 7*v**3 - 8*v + v**3 + 6*v - 1 - 2*v**2 + 2*v**3. Determine y(z).
-11
Let w(c) = c**2 + c + 18 + 4*c + 4*c - 23. Give w(-8).
-13
Let a(l) = l**3 - 9*l**2 - l + 1. Suppose -41*u = -56*u + 135. Determine a(u).
-8
Let y(x) = x**3 - 4*x**2 + x - 3. Let o be -2*1 - (6/(-6) - 7). Let k(g) = -g**2 + 8*g - 8. Let f be k(o). Determine y(f).
1
Let c(p) be the third derivative of -p**6/120 + p**5/20 - 5*p**3/6 - 204*p**2. What is c(3)?
-5
Let v(z) = -z + 44 + 19 - 55 + z**2 - 4*z. What is v(7)?
22
Let n = -133 + 152. Suppose 2*f - 3*x = -n, -5*f - 3 - 17 = -2*x. Let u(g) = -3*g + 7. Let p(h) = -h + 2. Let c(b) = -21*p(b) + 6*u(b). What is c(f)?
-6
Let y(f) = -2*f + 2. Let t(p) = 2*p - 1. Let c(m) = 5*t(m) + y(m). Give c(2).
13
Let p(y) = 7*y - 4*y**2 - 18 + 17 + y + 0*y**2 - 7*y. What is p(-2)?
-19
Let r(z) = -2*z + 1. Let y(u) = -10*u**2 - 4*u**3 + 26*u - 2*u**3 + u**3 + 18 + 4*u**3. Let j be y(-12). Determine r(j).
13
Let s(l) = 0*l**2 - 1 + l**2 - 1 - 6*l + 9*l. Let n = -20 - -17. Let h(c) = -c**3 - 3*c**2 - 4. Let w be h(n). Give s(w).
2
Suppose -i - 3*p + 2 = 0, 4*i = -2*p + 19 - 1. Suppose -i*u - 4*n - 93 = 0, 4*n - 45 + 2 = 3*u. Let l = 13 + u. Let d(j) = -j + 2. Give d(l).
6
Let u(a) = -3*a - 5. Let h be u(-3). Let d(q) = h*q + 6*q**2 - 3*q - 5*q**2 + 0*q. Calculate d(-1).
0
Let t(v) = -v + 2*v - 2*v - 7876 + 7883. What is t(7)?
0
Let l(s) be the second derivative of -s**5/20 - s**4/12 + 2*s**2 + 2*s. Let r be l(0). Let a(j) = 9*j**2 + 5 - 10*j**2 + r*j + 2*j. What is a(6)?
5
Let v(x) be the third derivative of x**6/120 - x**5/15 - x**4/24 + 2*x**3/3 + x**2. Suppose 18*b + 30 = 21*b. Suppose b*l - 32 = 2*l. Determine v(l).
0
Let s(y) = -5*y**2 - 9*y + 9. Let x = -35 - -39. Let t(z) = -11*z**2 - 20*z + 18. Let m(l) = x*t(l) - 9*s(l). Give m(0).
-9
Let l(w) be the second derivative of w**3/3 + 6*w**2 - 153*w. Calculate l(-5).
2
Let k(u) = 2*u**2 - 146 + 3*u - u**2 + 139. Calculate k(4).
21
Let h(t) = 1. Let r(k) = -k**2 + 6*k - 2. Let v(n) = -4*h(n) - r(n). Suppose -75 = -48*x + 27*x + 51. Calculate v(x).
-2
Let j(f) = 2*f**2 - 3*f + 2. Let v(i) = i**2 - i + 1. Let u be 2/(-16) + 555/(-40). Let y(w) = u*v(w) + 6*j(w). Determine y(-3).
-8
Let r(f) be the third derivative of f**7/840 + f**6/120 + f**5/30 + f**4/8 - 7*f**3 + 42*f**2. Let s(c) be the first derivative of r(c). What is s(-2)?
-1
Let f(d) = d**2 - 8*d + 9. Suppose 7*l - 405 = -4*r + 4*l, 0 = -2*r + 2*l + 206. Let q = -95 + r. Calculate f(q).
2
Suppose 0 = -s + 1 + 4. Let i(a) = 5*a - 7. Let d(j) = -5 - 10 - 11 + 33 - 6*j. Let h(v) = -4*d(v) - 5*i(v). Determine h(s).
2
Suppose -33*p + 38*p - 5 = 0. Let s(w) = -11*w + 1. Give s(p).
-10
Let h(b) = b**2 - 14*b + 18. Let s = -127 - -109. Let x be (0 - -6)*s/(-9). Determine h(x).
-6
Suppose -3 = y - 2. Suppose r = -12*z + 10*z + 41, -5*z + 103 = 3*r. Let a(p) = -3 + z*p - 2 + 5. What is a(y)?
-20
Let o(l) be the third derivative of l**4/8 - 19*l**3/6 + 412*l**2. Determine o(11).
14
Let m = 67 - 49. Let f(x) = 8*x + 11*x - 2 - m*x. Calculate f(6).
4
Let z(k) be the third derivative of 0*k + 0 + 1/120*k**5 + 2*k**2 - 1/2*k**3 - 5/24*k**4. Let m(x) be the first derivative of z(x). Give m(4).
-1
Let b be (-78)/(-21) + (-2)/(-7). Suppose 9*n - 4 = 14. Suppose 4*x = -b*u - x, n*x = -4*u - 12. Let p(c) = c**2 + 6*c - 1. Determine p(u).
-6
Let c(r) = r**2 - 14*r - 14. Let j(y) = -y**2 + 11*y + 13. Let u(w) = -4*c(w) - 5*j(w). What is u(-6)?
21
Let q(m) = -m**3 + m - 2. Let d be 1/(-6) - 3/36*-254. Let p = d + -19. Give q(p).
-8
Let h(y) = y**2 + 17*y - 3. Let n = 707 + -724. Calculate h(n).
-3
Let r = -64 - -57. Let a(s) = -4 - 15*s**3 + 5*s**3 + 7*s**2 + 11*s**3 - 3*s. Give a(r).
17
Suppose 14 = 4*b + 58. Let t = b + 12. Let s(r) = r**3 - r**2. Let k(y) = 7*y**3 - 5*y**2. Let h(w) = -k(w) + 6*s(w). What is h(t)?
-2
Suppose 5*u - 1 = 9. Let d(i) = -i - i**u + 0*i**2 - 10 + 11 - i**3. Suppose -2*p + 5 = 3*p. Determine d(p).
-2
Let m(i) = 1 - i - 1 + 0 + 2 - 2*i**2. Calculate m(-2).
-4
Let p(n) = -2*n - 6. Let b(c) = -4*c**2 - 14*c. Let s be b(-4). Calculate p(s).
10
Suppose 15*f - 5*f - 90 = 0. Let u(v) be the second derivative of -v**5/20 + 5*v**4/6 - 4*v**3/3 - 6*v**2 + 3*v. Give u(f).
-3
Let k(f) = -f**3 - 4*f**2 - 2*f - 4. Let a be (26/(-39))/((-4)/30). Suppose 0 = -4*l + a + 11. Suppose -4*v + l*w = 10 + 2, -3*w = -4*v - 13. Give k(v).
4
Let u(l) be the second derivative of -l**3/6 + 7*l**2/2 + 61*l. Give u(17).
-10
Let w(j) = -j + 5. Let l be w(3). Suppose 0 = -l*c - 0 + 6. Let d(s) = -6*s + 4*s**2 - s**3 + 14*s - 6 - c*s. Give d(4).
14
Let g(n) be the second derivative of 0 - 14*n + 0*n**2 + 2/3*n**3. Give g(1).
4
Let d(c) = -4*c + 15. Let b be d(-5). Let o = 29 - b. Let t(q) = -q**2 - 3*q + 8. What is t(o)?
-10
Let j(b) be the first derivative of -b**2 - 2. Let i(x) = 4*x + 1. Let p(w) = -2*w**2 - w. Let q be p(-1). Let s be i(q). Determine j(s).
6
Let m(c) = -10*c - 1. Let v(o) = -3*o + 10. Let s(k) = -2*k + 11. Let y(g) = 4*s(g) - 3*v(g). Let f be y(-13). Let r be f/(4/(12/(-3))). Calculate m(r).
9
Let b(i) = i**2 - 2. Suppose 4*d = -8, 0 = z + z + 5*d + 10. Let x(v) = v**2 - 10*v - 11. Let y be x(11). Suppose z = -y*o - o. Give b(o).
-2
Let z(l) = 4*l**2 + l. Let r be z(-1). Let a be 2/r*3 - 0. Let p(k) = -k + 7*k**a - 6*k + 6*k. Give p(-1).
8
Let t be (-7 - (-2)/2)*10/(-15). Let w be (-1)/t + 21/4. Let f(u) = -u**2 + 6*u + 3. Give f(w).
8
Let h(t) = 58 - 4*t**3 - 65 + 5*t**2 + 2*t + 3*t**3. What is h(5)?
3
Let i(h) = -h**2 + 3*h + 2. Suppose 2*k = -0*k + 102. Let w be (6/(-4))/(k/(-544)). Let p be (-12)/(-3)*(-12)/w. Determine i(p).
-16
Let q(x) be the third derivative of -x**5/60 + 5*x**4/24 - 2*x**3/3 + 7*x**2. Suppose -p - f - 4 = f, -5*p = -f - 24. Give q(p).
0
Let r(d) = 9*d + 1. Let o be (-1 + 3)/(-2) - 2. What is r(o)?
-26
Let p = 14 - 10. Let b be p/(-6) - 100/(-15). Let w = 1 + b. Let k(q) = -q**3 + 8*q**2 - 6*q - 5. Give k(w).
2
Let n(g) = 51*g - 1. Suppose -y = -o + 2*o + 2, 0 = -2*y - 2. Determine n(o).
-52
Let c = 1051/786 + -1/262. Let k(v) be the first derivative of -c*v**3 - 1/4*v**4 + v + 1/2*v**2 + 1. Determine k(-3).
-11
Let v(d) = -2*d - 4. Suppose 3*f - 5 = -2*f - 5*b, -f = -b + 5. Let i be v(f). Let l(x) = 7*x - 3 + i*x - 3 - 6*x. Give l(6).
0
Let f(m) = -m. Suppose -7*i - 3 = -6*i. Let r be 133/21 + 1/i. What is f(r)?
-6
Let i be (10/(-8))/((-12)/384). Suppose 0 = -4*c - 4*d - i, 2*c - 3*d + 10 = -3*c. Let a(x) = 4*x + 6. Calculate a(c).
-14
Let x(p) = p**3 - 11*p**2 + 10*p - 8. Suppose 21*q = -15*q + 360. What is x(q)?
-8
Let a = -23 - 12. Let b be 9/(a/30 - 1/3). Let r(l) = -3*l. Determine r(b).
18
Let r(o) be the second derivative of -o**4/12 + o**3/6 + 3*o**2/2 + 438*o + 2. What is r(0)?
3
Let l(n) = 11*n**3 + 24*n**2 - 3*n + 2. Let q(k) = -5*k**3 - 11*k**2 + k - 1. Let p(z) = 4*l(z) + 9*q(z). Give p(-2).
1
Let s(p) = 25*p**2 - 42*p**2 + 16*p**2 - 5 + 2*p**3 - 3*p - p**3. What is s(4)?
31
Let t(d) = 3 - 4*d - 5 - 5. Let z(r) = r**2 + 3*r + 6. Suppose -4*i - 6 = -5*i. Let p(l) = i*z(l) + 